be s(-1). Suppose 26*w - 25*w - m = 0. Calculate the highest common factor of 20 and w.
10
Let h = -5077 - -9077. Calculate the highest common factor of h and 160.
160
Let v(k) = 3*k + 153. Suppose 0 = -4*w + r - 45, -r = 2*r - 3. Let m be v(w). Calculate the greatest common factor of 200 and m.
40
Suppose -5*u = -3*t - 7251, -6*t = 2*u - 4*t - 2894. What is the highest common divisor of u and 14?
7
Let t(l) = -14*l**3 - 11*l**2 - 75*l + 37. Let n be t(-9). Calculate the highest common factor of n and 37.
37
Let z(f) = -4*f - 46. Let h be z(-25). Let l(c) = 165*c - 6. Let k be l(2). Suppose y = -3*y + k. What is the greatest common factor of y and h?
27
Suppose 12 = -14*b + 12*b. Let y be 3 - (-2 - b) - -4. Suppose -y*g + 45 = -27. Calculate the highest common divisor of g and 16.
8
Suppose -l = -5*a + 3233 + 780, 0 = -5*l + 10. Calculate the highest common factor of 77 and a.
11
Let v(q) = 22*q - 1190. Let f be v(57). What is the greatest common divisor of f and 800?
32
Suppose 16*s = 11*s - 2655. Let q = s + 729. Calculate the greatest common divisor of 330 and q.
66
Suppose 57*p = 54*p - 6. Let y be (-2 - 0)/(p/20). What is the highest common factor of y and 20?
20
Suppose -25570 = -53*b - 22*b + 155855. What is the greatest common factor of b and 123?
41
Suppose v - 8 = -v. Suppose 10 = v*r + 6*r. Let t = 44 + -42. What is the highest common factor of t and r?
1
Suppose 3*p = -2*z + 164, -66 = -p + 3*z + 2*z. Let x = p - 89. Let i = 48 + x. Calculate the greatest common factor of 5 and i.
5
Suppose -3*d = -d - 5*d. Suppose u - 4*b - 6 = -b, -u + 5*b = d. Suppose -5*i = -u*i + 390. Calculate the highest common factor of i and 13.
13
Let k = 211 + 43. Let f = k + -226. Calculate the greatest common divisor of 112 and f.
28
Let w(h) = -2*h**2 - 27*h - 2. Suppose 4 + 8 = -m. Let q be w(m). What is the highest common factor of 51 and q?
17
Suppose 0 = 2*h - 0*h. Suppose 0 = -5*u + 4*l + 68, 3*u + h*l - 32 = -2*l. Let m = 545 + -413. What is the greatest common factor of u and m?
12
Let d = -14464 - -14504. What is the greatest common factor of 5600 and d?
40
Let j = 14656 - 14518. Calculate the greatest common factor of 201 and j.
3
Let r be (-5)/(-2)*13/(390/7116). Let h = r + -433. Calculate the highest common factor of 60 and h.
20
Let t(j) = 324*j - 1417. Let m be t(37). Calculate the highest common factor of 11 and m.
11
Let q = -7713 + 7701. Let l = 11 + -5. Let f be 952/l - q/(-18) - 2. Calculate the highest common divisor of 12 and f.
12
Let h = 102 + -93. Let z(f) = -2*f - 3. Let g be z(-7). Let n(d) = -2*d**2 + 24*d - 20. Let x be n(g). Calculate the highest common factor of h and x.
1
Let b(t) = -t**2 - 32*t - 55. Let d be b(-30). What is the highest common factor of 110 and d?
5
Let b be (-2)/(10/(-25)) - 170. Let r = 178 + b. Let s = 29 + -3. What is the highest common factor of s and r?
13
Let z = -53 - -83. Suppose -a + 98 = 3*n, -2*n - 4*a = -0*n - 82. Let s = 37 - n. What is the highest common divisor of s and z?
6
Let m be 2*3 + 1 + -2. Suppose -3*g - 48 = -m*g. Suppose 2094*a = 70299 + 331749. Calculate the highest common divisor of a and g.
24
Let o be 1 - 5/((-20)/204). Suppose 188*k - 88*k - 20384 = -124*k. What is the greatest common divisor of k and o?
13
Let m = 1403 - 875. Suppose 0 = 3*f - 172 - 44. Calculate the highest common factor of f and m.
24
Suppose 4957*x + 28672 = 4985*x. Calculate the highest common factor of 224 and x.
32
Let f(v) = 117*v**3 - 30*v**2 + 25*v - 148. Let k be f(4). What is the highest common divisor of k and 1200?
240
Suppose 2*r - 494 = -5*d, -7*r = -d - 3*d - 1729. What is the greatest common divisor of r and 221?
13
Let v(r) = -474*r**3 - r**2. Suppose 0 = -o + 2*o + 1. Let j be v(o). Let g be (11/55)/(10326/1290 - 8). Calculate the greatest common divisor of g and j.
43
Suppose -2*y + 2*q = 18, 0*q + 42 = -3*y - 2*q. Let f be (4 - 6)*(-69)/y*-2. Let j = 85 + f. What is the highest common factor of j and 12?
12
Let w = 1111 - 582. Let v = 637 - w. What is the highest common divisor of 81 and v?
27
Let w = 28180 - 28057. Calculate the greatest common factor of w and 15867.
123
Suppose 743 = 46*q - 11 - 258. What is the greatest common factor of q and 2882?
22
Suppose 2*y = -2*f + 22, 0*y - y + 39 = 3*f. Suppose 7*d + 52 = -123. Let j be 14*d/((-35)/7). Calculate the greatest common divisor of f and j.
14
Suppose 0 = 5*u - 5*z - 2590, -139*u + 140*u - 525 = 2*z. Calculate the greatest common divisor of u and 1.
1
Let c = 414 - 207. Let g be 0 + 6100/28 + (-2)/(-14). Suppose -5*s + g = -c. Calculate the greatest common factor of s and 17.
17
Suppose 133 = 5*j - 3*s + 4, -4*s - 127 = -5*j. Suppose -35*b + 1109 - 252 = -3553. Calculate the highest common factor of j and b.
9
Let w = 5653 - 3909. What is the highest common factor of w and 32?
16
Suppose -13988 + 1238 = 42*f - 127*f. What is the greatest common divisor of 425 and f?
25
Suppose -4*o - 33 = 2*p - 533, -o - 3*p = -125. Let j = o + -48. Let z = 109 - j. What is the highest common divisor of z and 4?
4
Let r(v) be the first derivative of 10*v**3/3 + v**2 + 55*v - 98. Let j be r(-7). Calculate the highest common divisor of 59 and j.
59
Suppose -4*i + 4073 + 1372 = -3*p, -5*i + 6820 = -p. Calculate the highest common factor of i and 420.
105
Suppose 0*s - 4*s + 16 = 0. Suppose -161 + 45 = -s*h. Let d = 301 + -40. What is the highest common divisor of d and h?
29
Suppose 0 = 5*h - 0*h - 55. Let a = -161 + 337. Suppose 0 = 13*j - 29*j + a. What is the greatest common factor of j and h?
11
Let d(x) = -6*x + 4. Let p be d(0). Suppose -4*v = 0, 0 = 2*w - p*v - v + 244. Let j = -10 - w. Calculate the highest common factor of 16 and j.
16
Let o be (0 + 3 + -2)/((-1)/2). Let g be ((-135)/(-108))/(o/(-8)). What is the highest common factor of 1 and g?
1
Let b = -2900 + 6932. Suppose -b = -23*m - m. What is the highest common divisor of m and 14?
14
Let r = -6678 + 7448. Calculate the greatest common divisor of 1100 and r.
110
Let s be 9/((-81)/(-138))*3. Let i(d) = -d**3 - d**2 + d + 7. Let p be i(3). Let v = p - -49. Calculate the greatest common divisor of v and s.
23
Let l = -65 - -142. Suppose a + 2*b + l = -2*a, 73 = -3*a - 4*b. Let y = 14 - a. What is the greatest common divisor of 369 and y?
41
Suppose -33*x - 14713 + 85667 = -37253. Calculate the highest common factor of x and 3.
3
Suppose 182*l + 21175 = 259*l. What is the greatest common divisor of 440 and l?
55
Suppose -3*k - 3*v + 1 - 37 = 0, -2*v = 5*k + 45. Let c be (-7)/(-14)*(-1 - k). Suppose -42 + 15 = -c*i. What is the greatest common divisor of i and 81?
9
Suppose -5*c = 5*b - 90, 5*c - 4*b - 97 = 47. What is the greatest common factor of 1032 and c?
24
Suppose 3*i + 1 - 211 = 0. Suppose 0 = 7*a - 17*a + i. Calculate the greatest common divisor of 14 and a.
7
Suppose 0 = 6*t + 6*t - 36. Let z be (-3488)/(-96) + (-1)/t. What is the highest common divisor of z and 1044?
36
Suppose t + 16563 = 2*x, -4*x + t - 5896 + 39027 = 0. Calculate the highest common divisor of x and 109.
109
Let k be ((-48)/10)/((-456)/(-60) - 8). Suppose 4*u - 38 - 38 = -t, -4*u + 2*t = -88. What is the highest common divisor of k and u?
4
Suppose 19*t = 14*t + 30. Let j be (-3)/12*t*-2. Let w(l) = -64*l - 180. Let o be w(-3). What is the greatest common factor of j and o?
3
Suppose -5*k + 404 = -5*l + 4*l, -3 = -k. Let s = l + 422. What is the greatest common divisor of s and 143?
11
Let j be (-8 + 5)/(-12) - (-743)/4. Let d = 31 + -126. Let o = j + d. Calculate the highest common factor of o and 7.
7
Let d = -15 + 20. Let h(i) = 9*i + 1. Let f be h(2). Suppose -2*a - 3*p + f = -33, 3*a = 2*p + 52. Calculate the highest common divisor of d and a.
5
Suppose b - 136 = -4*u, -2*b - 184*u + 187*u = -327. What is the greatest common factor of b and 588?
12
Let j(u) = 52 - 66 + 11*u - 116 - u. Let w be j(16). Calculate the highest common divisor of 30 and w.
30
Let j(r) = 18*r - 86. Let m = -96 - -103. Let z be j(m). Let k be 1/((-2)/(-120) - 0). Calculate the highest common factor of k and z.
20
Let i(v) = -v**3 - 9*v**2 - 112*v + 28. Let g be i(-7). What is the greatest common divisor of g and 4?
2
Let z = -5 + 2. Let v be (250/4)/(z/(-6)). Suppose -150 = -183*b + 177*b. Calculate the highest common div